 y. Let s = -19 + p. What is the remainder when 38 is divided by s?
8
Let x(f) = -f**2 + 30*f + 186. Calculate the remainder when x(34) is divided by 20.
10
Let n = -188 - -200. What is the remainder when 106 is divided by n?
10
Suppose p + 9 = -14. Let t be p + -3 - (3 - -1). Let y = -23 - t. What is the remainder when 26 is divided by y?
5
Suppose -v = v - 64. Let t = v + -2. Suppose -u - t = -4*u. What is the remainder when 48 is divided by u?
8
Let w(n) = n + 2. Let k be w(1). What is the remainder when -2 + k + (-2 - -51) is divided by 26?
24
Let d(b) = -b**2 - 8*b - 7. Let t be d(-7). Suppose 4*p - 54 - 78 = t. What is the remainder when p is divided by 19?
14
Suppose -12*b = -7*b. Suppose 427 = 5*h + 2*j, -4*j + 86 = h - 3*j. Suppose b = -r + 6*r - h. Calculate the remainder when 67 is divided by r.
16
Let u(i) = 8*i + 73. Suppose 15 + 18 = 2*a + 3*b, -a = 3*b - 15. What is the remainder when u(20) is divided by a?
17
Let q(s) = -12*s + 426. Calculate the remainder when 204 is divided by q(32).
36
Let d(o) = 9*o + 83. Suppose 3*m + 33 = 2*m. Calculate the remainder when 1*(2*-1 - m) is divided by d(-8).
9
Let b(w) = -w**2 - 15*w - 41. Calculate the remainder when 74 is divided by b(-7).
14
Let k = 91 + -199. Let w = 117 + k. Calculate the remainder when 18 is divided by w.
0
Let o(b) = -122*b + 423. What is the remainder when 394 is divided by o(3)?
52
Let i = 137 - 232. Let k = i + 202. What is the remainder when k is divided by 36?
35
Suppose 0 = 5*k - 2*c - 67, 5*k + 2*c - 42 = 41. Calculate the remainder when 98 is divided by k.
8
Suppose -4*p - 18 = 470. Let b = -81 - p. Let d = -24 + b. Calculate the remainder when 66 is divided by d.
15
Suppose -y + 14 = -3*j, y + 0*y = -j + 18. Suppose 2*g - y = 17. Suppose -u = 3*f - 29, 3*f - 92 = -3*u - f. Calculate the remainder when u is divided by g.
15
Suppose 188 = -5*s + 7*s - 4*a, 5*s + 3*a - 405 = 0. Suppose 3*k - 3 = 0, 3*m + 4*k = -0*m + 70. Calculate the remainder when s is divided by m.
18
Let u = 1423 - 1271. What is the remainder when u is divided by 5?
2
Suppose 6 = -4*x + 7*x. Let k(z) = z**2 + 4*z - 3. What is the remainder when k(x) is divided by ((-3)/9)/(37/(-18) + 2)?
3
Let u be 312/(-30) - 6/(-15). Let z = u + 6. Calculate the remainder when 15 is divided by (-27)/(-15)*(9 + z).
6
Let u = 78 + -74. Calculate the remainder when 27 is divided by u.
3
Let d be 62/6 - 5/15. What is the remainder when 1544/14 - (d/35)/1 is divided by 37?
36
Let z(v) = -69*v**2 - 4*v - 11. Let y(u) = -35*u**2 - 2*u - 6. Let s(c) = 11*y(c) - 6*z(c). Calculate the remainder when s(-2) is divided by 29.
25
Suppose -8*w + 30*w = 2178. What is the remainder when w is divided by 43?
13
Suppose 5*b - 449 - 841 = 0. Suppose -2*r - r = -b. Suppose v = 3*v - r. Calculate the remainder when v is divided by 11.
10
Suppose 6 = 3*a, -13*a + 14*a + 166 = 4*c. Calculate the remainder when 155 is divided by c.
29
Suppose 3*t = 10*t - 56. Suppose -3*w + 201 + 135 = 0. Let k = -74 + w. Calculate the remainder when k is divided by t.
6
Let o = 934 + -835. What is the remainder when 197 is divided by o?
98
What is the remainder when 33 is divided by (-8)/20 + 12/5?
1
Let p = -24 - -27. Suppose 3*l = 0, -4*t = -t - p*l - 63. Calculate the remainder when 81 is divided by t.
18
Let j be ((-18)/(-36))/(2/(-4))*1. What is the remainder when 2*j/(-6) + (-928)/(-24) is divided by 22?
17
Suppose -j = -y + 35, 0 = -4*j + 17 - 1. What is the remainder when 1245 is divided by y?
36
Suppose 0*z - 5*f = 3*z - 1695, 0 = z - 2*f - 565. Calculate the remainder when z is divided by 95.
90
Let z(l) = 2*l - 88*l**2 - 13 - l**3 + 2*l**3 + 96*l**2. Suppose 3*j = -10 + 49. What is the remainder when z(-7) is divided by j?
9
Let c be 3/((-12)/76) - (0 - 4). What is the remainder when (4 - -2)/(c/(-170)) is divided by 36?
32
Let w(d) = 21*d**3 - 2*d + 1. Suppose -5*j = -2*j + 60. Let g = 21 + j. What is the remainder when 57 is divided by w(g)?
17
Calculate the remainder when (7*(-48)/(-56))/(1/3) is divided by 11.
7
Let l = 4461 - 4446. Calculate the remainder when ((-3)/(-9))/((-1)/(-213)) is divided by l.
11
Let g = 70 - 8. What is the remainder when g is divided by 4?
2
Let s(o) be the first derivative of -8 + 0*o**2 + 11*o**4 + o - 1/3*o**3. What is the remainder when s(1) is divided by 9?
8
Suppose 206 = -8*d - 34. Let a = -23 - d. Suppose -3*k = 2*k - 85. Calculate the remainder when k is divided by a.
3
Let c(s) = -13*s**3 + 5*s**2 - 6. Calculate the remainder when c(-2) is divided by 47.
24
Suppose -2*j + 4*b = j - 33, -5*j - b = -32. Suppose 22 = -6*d + j*d. Calculate the remainder when 79 is divided by d.
13
Calculate the remainder when (-2)/8 - (-306)/8 is divided by (-20)/60 - (-160)/12.
12
Let k(h) = -2*h + 268. What is the remainder when k(-26) is divided by 22?
12
Calculate the remainder when -1 - 3*(-679)/21 is divided by 54.
42
Suppose x + 3 = -2, -5*i + 330 = -4*x. Let v be (2/4)/(2/28). Suppose -o - 4*p = -17, 3*o + 3*p - 67 + v = 0. Calculate the remainder when i is divided by o.
20
Let h be (-35)/(-3) - (85/15 + -6). Suppose -2*f = -4 - h. Let r = 40 - 11. What is the remainder when r is divided by f?
5
What is the remainder when (400/48)/(-5*1/(-210)) is divided by 59?
55
Suppose 7*d - 24 = 11. Suppose -b + 130 = 4*f - f, d*b = 5. What is the remainder when f is divided by 15?
13
Let s(y) = y + 19. Let d be s(-19). Suppose -g - 3*g + 216 = d. Calculate the remainder when g is divided by 14.
12
Calculate the remainder when -1*1*(-28 - -24) is divided by 3.
1
Let q = 323 - 177. What is the remainder when q is divided by 50?
46
Let z(a) = a**3 - 11*a**2 + 22*a - 6. Suppose 7 = 2*g - 11. What is the remainder when 59 is divided by z(g)?
29
Suppose 1 + 34 = d + 4*u, 0 = -5*d + u + 112. Let o = 35 - d. Calculate the remainder when 58 is divided by o.
10
Calculate the remainder when -228*((-18)/81 + 1/(-9)) is divided by 58.
18
Suppose g + 148 = 3*j + 2*j, -2*j = 4*g - 68. Suppose j = 5*t - 3*t. Calculate the remainder when t is divided by 3.
0
Suppose -240 = 89*r - 94*r. Calculate the remainder when r is divided by 5.
3
Suppose -334*v - 1602 = -352*v. Calculate the remainder when 622 is divided by v.
88
What is the remainder when (20/(-35))/(578/(-574) - -1) is divided by 15?
7
Suppose 5*u + 52 = 4*n, -5*u = 5*n + 4 - 24. Suppose 9*t + n = 71. Let w(j) = 2*j**2 + 4*j + 4. Calculate the remainder when w(-4) is divided by t.
6
Suppose -5*b + 2*j + 303 = 0, -4*b = -6*b - 2*j + 124. Let z = -12 - -3. What is the remainder when b is divided by -2*(-1 - z)*-1?
13
Suppose -2*v = v - 54. Suppose -3*j - 16 = -5*j + 4*q, -2*j + 17 = -3*q. Calculate the remainder when v is divided by j.
8
Let u(q) = -q - 1. Let d be u(-5). Let g be (0 - 0)/(d - 1). Suppose g = -2*k + 26 + 26. Calculate the remainder when k is divided by 7.
5
What is the remainder when (-261)/(-3)*((3 - 11) + 9) is divided by 11?
10
Suppose -8*h + 265 = -3*h + k, 2*h + k - 103 = 0. Calculate the remainder when 160 is divided by h.
52
Suppose 56 = -3*u + 2*l - 12, 40 = -2*u + 4*l. Let s = u - -30. Calculate the remainder when 27 is divided by s.
3
Suppose -i - 9 = 38. Let a = i + 70. Suppose 13 = 4*w - a. Calculate the remainder when 35 is divided by w.
8
Suppose i - 11 = 5*m - 3*i, -5*m + 17 = 3*i. Let t(q) = 61*q**3 - q. Suppose 0 = -20*x - 4152 + 4772. Calculate the remainder when t(m) is divided by x.
29
Let g = 4 + 0. Let d be 2/((-5)/(450/g)). Let j = d + 63. Calculate the remainder when j is divided by 7.
4
Suppose 7*p = 252 + 63. What is the remainder when p is divided by 6?
3
Let b = -49 - -170. Let p = 77 + -46. What is the remainder when b is divided by p?
28
Let q = -20 - -18. What is the remainder when q + 18 + 1 + -3 is divided by 4?
2
Let z(f) = -f**3 + 20*f**2 - 34*f - 9. Calculate the remainder when ((-4)/(-8))/((-1)/(-102)) is divided by z(18).
24
Let d(p) = 125*p - 15. Let r be d(4). Suppose r = 6*q - 43. Calculate the remainder when q is divided by 31.
26
Let t(s) = 8*s - 37. Calculate the remainder when t(26) is divided by 76.
19
Let z(d) = d. Let u be z(-7). Let l(k) = -k**3 - 6*k**2 + 1. Calculate the remainder when l(u) is divided by 27.
23
Suppose 88 = 5*v + 23. Let b = 144 + -68. Calculate the remainder when b is divided by v.
11
Let n(